{"id":255,"date":"2023-09-03T18:56:24","date_gmt":"2023-09-03T16:56:24","guid":{"rendered":"https:\/\/mathiasguilbaud.fr\/?page_id=255"},"modified":"2026-01-12T11:29:14","modified_gmt":"2026-01-12T10:29:14","slug":"biographie","status":"publish","type":"page","link":"https:\/\/mathiasguilbaud.fr\/index.php\/biographie\/","title":{"rendered":"Biographie"},"content":{"rendered":"\n<p class=\"has-text-align-left\">Issu d\u2019une formation en son \u00e0 l\u2019ENSAV (\u00c9cole Nationale Sup\u00e9rieure de l\u2019Audiovisuel) de Toulouse, Mathias Guilbaud se passionne pour la cr\u00e9ation sonore durant ses ann\u00e9es d\u2019\u00e9tudes, o\u00f9 il fait la rencontre de St\u00e9phane Marin (Espaces Sonores) et de Beno\u00eet Bories (Faidos Sonore). Attir\u00e9 par l\u2019\u00e9criture documentaire et phonographique, Mathias construit des pi\u00e8ces sonores avec l\u2019envie de proposer des exp\u00e9riences d\u2019\u00e9coute singuli\u00e8res, via une pratique de la prise de son et de la composition.<\/p>\n\n\n\n<p>Ses premi\u00e8res cr\u00e9ations l\u2019am\u00e8nent \u00e0 s\u2019interroger sur nos rapports aux espaces de vie, aussi bien intimes que publics.<\/p>\n\n\n\n<p>C\u2019est durant son Master 2, et \u00e0 la suite de l\u2019\u00e9criture d\u2019un m\u00e9moire intitul\u00e9 <em>Vers une nouvelle \u00e9coute de nos espaces urbains<\/em>, qu\u2019il commence \u00e0 s\u2019int\u00e9resser aux sons des villes et, plus sp\u00e9cifiquement, \u00e0 ceux des travaux. Un terrain privil\u00e9gi\u00e9 pour questionner nos relations \u00e0 la ville et \u00e0 ses sonorit\u00e9s : un espace d\u2019exploration o\u00f9 bruits et sons se c\u00f4toient, et o\u00f9 la question de \u00ab l\u2019habiter \u00bb n\u2019est jamais loin.<br>En 2020, il entame une s\u00e9rie de compositions intitul\u00e9e <em>Voies Urbaines<\/em>, autour d\u2019espaces en travaux, plusieurs fois s\u00e9lectionn\u00e9e dans des festivals internationaux (RIDM, Phonurgia Nova, UK Radio Drama Festival\u2026).<\/p>\n\n\n\n<p><br>En 2021, il r\u00e9alise <em>Chez nous<\/em>, une cr\u00e9ation qui explore les sensations et questions autour de l\u2019acte d\u2019habiter \u00e0 deux dans un petit appartement o\u00f9 se m\u00eale r\u00e9cits intimes et sons d\u2019appartement (S\u00e9lection au Phonurgia Nova 2021), des questions aussi trait\u00e9es dans <em>Sortir de la grotte<\/em>.<br><br>Mathias collabore avec plusieurs structures (<a href=\"https:\/\/www.espaces-sonores.com\/\">Espaces Sonores<\/a>, <a href=\"https:\/\/resonance-sonore.fr\/\">R\u00e9sonance Sonore<\/a>, <a href=\"https:\/\/www.playtime-prod.fr\/\">Playtime Production<\/a>\u2026) sur diff\u00e9rents projets sonores, tels que la cr\u00e9ation de pi\u00e8ces documentaires et phonographiques, des projets de territoires, ainsi que des ateliers d&#8217;initiation \u00e0 l&#8217;\u00e9coute et \u00e0 la prise de son. \u00a0<br>En parall\u00e8le de cette pratique, Mathias travaille aussi au sein de diff\u00e9rentes compagnies du spectacle vivant (<a href=\"https:\/\/cielanuee.net\/murmurations\">La Nu\u00e9e<\/a>, <a href=\"https:\/\/cielahurlante.fr\/\">La Hurlante<\/a>,\u00a0\u00a0la <a href=\"https:\/\/laloquacecompagnie.com\/\">Loquace Compagnie<\/a>, <a href=\"https:\/\/www.cie-dodeka.fr\/\">Dodeka<\/a>\u2026) o\u00f9 il invente, compose et joue les cr\u00e9ations sonores des spectacles (multidiffusion, th\u00e9\u00e2tre de rue, d\u2019objets\u2026).<br>Il fait partie du collectif <a href=\"https:\/\/cargocollective.com\/ladisquette\">La Disquette<\/a><\/p>\n\n\n\n<p><\/p>\n","protected":false},"excerpt":{"rendered":"<p>Issu d\u2019une formation en son \u00e0 l\u2019ENSAV (\u00c9cole Nationale Sup\u00e9rieure de l\u2019Audiovisuel) de Toulouse, Mathias Guilbaud se passionne pour la cr\u00e9ation sonore durant ses ann\u00e9es d\u2019\u00e9tudes, o\u00f9 il fait la rencontre de St\u00e9phane Marin (Espaces Sonores) et de Beno\u00eet Bories (Faidos Sonore). Attir\u00e9 par l\u2019\u00e9criture documentaire et phonographique, Mathias construit des pi\u00e8ces sonores avec l\u2019envie [&hellip;]<\/p>\n","protected":false},"author":1,"featured_media":0,"parent":0,"menu_order":0,"comment_status":"closed","ping_status":"closed","template":"","meta":{"wpupg_custom_link":[],"wpupg_custom_link_behaviour":[],"wpupg_custom_image":[],"wpupg_custom_image_id":[],"footnotes":""},"class_list":["post-255","page","type-page","status-publish","hentry"],"yoast_head":"<!-- This site is optimized with the Yoast SEO plugin v23.4 - https:\/\/yoast.com\/wordpress\/plugins\/seo\/ -->\n<title>Biographie - Mathias Guilbaud<\/title>\n<meta name=\"robots\" content=\"index, follow, max-snippet:-1, max-image-preview:large, max-video-preview:-1\" \/>\n<link rel=\"canonical\" href=\"https:\/\/mathiasguilbaud.fr\/index.php\/biographie\/\" \/>\n<meta property=\"og:locale\" content=\"en_US\" \/>\n<meta property=\"og:type\" content=\"article\" \/>\n<meta property=\"og:title\" content=\"Biographie - Mathias Guilbaud\" \/>\n<meta property=\"og:description\" content=\"Issu d\u2019une formation en son \u00e0 l\u2019ENSAV (\u00c9cole Nationale Sup\u00e9rieure de l\u2019Audiovisuel) de Toulouse, Mathias Guilbaud se passionne pour la cr\u00e9ation sonore durant ses ann\u00e9es d\u2019\u00e9tudes, o\u00f9 il fait la rencontre de St\u00e9phane Marin (Espaces Sonores) et de Beno\u00eet Bories (Faidos Sonore). Attir\u00e9 par l\u2019\u00e9criture documentaire et phonographique, Mathias construit des pi\u00e8ces sonores avec l\u2019envie [&hellip;]\" \/>\n<meta property=\"og:url\" content=\"https:\/\/mathiasguilbaud.fr\/index.php\/biographie\/\" \/>\n<meta property=\"og:site_name\" content=\"Mathias Guilbaud\" \/>\n<meta property=\"article:modified_time\" content=\"2026-01-12T10:29:14+00:00\" \/>\n<meta property=\"og:image\" content=\"https:\/\/mathiasguilbaud.fr\/wp-content\/uploads\/2023\/10\/PANA1536-2-scaled.jpg\" \/>\n\t<meta property=\"og:image:width\" content=\"2560\" \/>\n\t<meta property=\"og:image:height\" content=\"1707\" \/>\n\t<meta property=\"og:image:type\" content=\"image\/jpeg\" \/>\n<meta name=\"twitter:card\" content=\"summary_large_image\" \/>\n<meta name=\"twitter:label1\" content=\"Est. reading time\" \/>\n\t<meta name=\"twitter:data1\" content=\"2 minutes\" \/>\n<script type=\"application\/ld+json\" class=\"yoast-schema-graph\">{\"@context\":\"https:\/\/schema.org\",\"@graph\":[{\"@type\":\"WebPage\",\"@id\":\"https:\/\/mathiasguilbaud.fr\/index.php\/biographie\/\",\"url\":\"https:\/\/mathiasguilbaud.fr\/index.php\/biographie\/\",\"name\":\"Biographie - Mathias Guilbaud\",\"isPartOf\":{\"@id\":\"https:\/\/mathiasguilbaud.fr\/#website\"},\"datePublished\":\"2023-09-03T16:56:24+00:00\",\"dateModified\":\"2026-01-12T10:29:14+00:00\",\"breadcrumb\":{\"@id\":\"https:\/\/mathiasguilbaud.fr\/index.php\/biographie\/#breadcrumb\"},\"inLanguage\":\"en-US\",\"potentialAction\":[{\"@type\":\"ReadAction\",\"target\":[\"https:\/\/mathiasguilbaud.fr\/index.php\/biographie\/\"]}]},{\"@type\":\"BreadcrumbList\",\"@id\":\"https:\/\/mathiasguilbaud.fr\/index.php\/biographie\/#breadcrumb\",\"itemListElement\":[{\"@type\":\"ListItem\",\"position\":1,\"name\":\"Accueil\",\"item\":\"https:\/\/mathiasguilbaud.fr\/\"},{\"@type\":\"ListItem\",\"position\":2,\"name\":\"Biographie\"}]},{\"@type\":\"WebSite\",\"@id\":\"https:\/\/mathiasguilbaud.fr\/#website\",\"url\":\"https:\/\/mathiasguilbaud.fr\/\",\"name\":\"Mathias Guilbaud\",\"description\":\"Cr\u00e9ateur sonore\",\"publisher\":{\"@id\":\"https:\/\/mathiasguilbaud.fr\/#\/schema\/person\/a8b0a6771bfbd63196af91950ee07e0b\"},\"alternateName\":\"Mathias Guilbaud\",\"potentialAction\":[{\"@type\":\"SearchAction\",\"target\":{\"@type\":\"EntryPoint\",\"urlTemplate\":\"https:\/\/mathiasguilbaud.fr\/?s={search_term_string}\"},\"query-input\":{\"@type\":\"PropertyValueSpecification\",\"valueRequired\":true,\"valueName\":\"search_term_string\"}}],\"inLanguage\":\"en-US\"},{\"@type\":[\"Person\",\"Organization\"],\"@id\":\"https:\/\/mathiasguilbaud.fr\/#\/schema\/person\/a8b0a6771bfbd63196af91950ee07e0b\",\"name\":\"mathias Guilbaud\",\"image\":{\"@type\":\"ImageObject\",\"inLanguage\":\"en-US\",\"@id\":\"https:\/\/mathiasguilbaud.fr\/#\/schema\/person\/image\/\",\"url\":\"https:\/\/mathiasguilbaud.fr\/wp-content\/uploads\/2023\/09\/mat-barreau-1-edited.png\",\"contentUrl\":\"https:\/\/mathiasguilbaud.fr\/wp-content\/uploads\/2023\/09\/mat-barreau-1-edited.png\",\"width\":227,\"height\":227,\"caption\":\"mathias Guilbaud\"},\"logo\":{\"@id\":\"https:\/\/mathiasguilbaud.fr\/#\/schema\/person\/image\/\"}}]}<\/script>\n<!-- \/ Yoast SEO plugin. -->","yoast_head_json":{"title":"Biographie - Mathias Guilbaud","robots":{"index":"index","follow":"follow","max-snippet":"max-snippet:-1","max-image-preview":"max-image-preview:large","max-video-preview":"max-video-preview:-1"},"canonical":"https:\/\/mathiasguilbaud.fr\/index.php\/biographie\/","og_locale":"en_US","og_type":"article","og_title":"Biographie - Mathias Guilbaud","og_description":"Issu d\u2019une formation en son \u00e0 l\u2019ENSAV (\u00c9cole Nationale Sup\u00e9rieure de l\u2019Audiovisuel) de Toulouse, Mathias Guilbaud se passionne pour la cr\u00e9ation sonore durant ses ann\u00e9es d\u2019\u00e9tudes, o\u00f9 il fait la rencontre de St\u00e9phane Marin (Espaces Sonores) et de Beno\u00eet Bories (Faidos Sonore). Attir\u00e9 par l\u2019\u00e9criture documentaire et phonographique, Mathias construit des pi\u00e8ces sonores avec l\u2019envie [&hellip;]","og_url":"https:\/\/mathiasguilbaud.fr\/index.php\/biographie\/","og_site_name":"Mathias Guilbaud","article_modified_time":"2026-01-12T10:29:14+00:00","og_image":[{"width":2560,"height":1707,"url":"https:\/\/mathiasguilbaud.fr\/wp-content\/uploads\/2023\/10\/PANA1536-2-scaled.jpg","type":"image\/jpeg"}],"twitter_card":"summary_large_image","twitter_misc":{"Est. reading time":"2 minutes"},"schema":{"@context":"https:\/\/schema.org","@graph":[{"@type":"WebPage","@id":"https:\/\/mathiasguilbaud.fr\/index.php\/biographie\/","url":"https:\/\/mathiasguilbaud.fr\/index.php\/biographie\/","name":"Biographie - Mathias Guilbaud","isPartOf":{"@id":"https:\/\/mathiasguilbaud.fr\/#website"},"datePublished":"2023-09-03T16:56:24+00:00","dateModified":"2026-01-12T10:29:14+00:00","breadcrumb":{"@id":"https:\/\/mathiasguilbaud.fr\/index.php\/biographie\/#breadcrumb"},"inLanguage":"en-US","potentialAction":[{"@type":"ReadAction","target":["https:\/\/mathiasguilbaud.fr\/index.php\/biographie\/"]}]},{"@type":"BreadcrumbList","@id":"https:\/\/mathiasguilbaud.fr\/index.php\/biographie\/#breadcrumb","itemListElement":[{"@type":"ListItem","position":1,"name":"Accueil","item":"https:\/\/mathiasguilbaud.fr\/"},{"@type":"ListItem","position":2,"name":"Biographie"}]},{"@type":"WebSite","@id":"https:\/\/mathiasguilbaud.fr\/#website","url":"https:\/\/mathiasguilbaud.fr\/","name":"Mathias Guilbaud","description":"Cr\u00e9ateur sonore","publisher":{"@id":"https:\/\/mathiasguilbaud.fr\/#\/schema\/person\/a8b0a6771bfbd63196af91950ee07e0b"},"alternateName":"Mathias Guilbaud","potentialAction":[{"@type":"SearchAction","target":{"@type":"EntryPoint","urlTemplate":"https:\/\/mathiasguilbaud.fr\/?s={search_term_string}"},"query-input":{"@type":"PropertyValueSpecification","valueRequired":true,"valueName":"search_term_string"}}],"inLanguage":"en-US"},{"@type":["Person","Organization"],"@id":"https:\/\/mathiasguilbaud.fr\/#\/schema\/person\/a8b0a6771bfbd63196af91950ee07e0b","name":"mathias Guilbaud","image":{"@type":"ImageObject","inLanguage":"en-US","@id":"https:\/\/mathiasguilbaud.fr\/#\/schema\/person\/image\/","url":"https:\/\/mathiasguilbaud.fr\/wp-content\/uploads\/2023\/09\/mat-barreau-1-edited.png","contentUrl":"https:\/\/mathiasguilbaud.fr\/wp-content\/uploads\/2023\/09\/mat-barreau-1-edited.png","width":227,"height":227,"caption":"mathias Guilbaud"},"logo":{"@id":"https:\/\/mathiasguilbaud.fr\/#\/schema\/person\/image\/"}}]}},"_links":{"self":[{"href":"https:\/\/mathiasguilbaud.fr\/index.php\/wp-json\/wp\/v2\/pages\/255","targetHints":{"allow":["GET"]}}],"collection":[{"href":"https:\/\/mathiasguilbaud.fr\/index.php\/wp-json\/wp\/v2\/pages"}],"about":[{"href":"https:\/\/mathiasguilbaud.fr\/index.php\/wp-json\/wp\/v2\/types\/page"}],"author":[{"embeddable":true,"href":"https:\/\/mathiasguilbaud.fr\/index.php\/wp-json\/wp\/v2\/users\/1"}],"replies":[{"embeddable":true,"href":"https:\/\/mathiasguilbaud.fr\/index.php\/wp-json\/wp\/v2\/comments?post=255"}],"version-history":[{"count":15,"href":"https:\/\/mathiasguilbaud.fr\/index.php\/wp-json\/wp\/v2\/pages\/255\/revisions"}],"predecessor-version":[{"id":693,"href":"https:\/\/mathiasguilbaud.fr\/index.php\/wp-json\/wp\/v2\/pages\/255\/revisions\/693"}],"wp:attachment":[{"href":"https:\/\/mathiasguilbaud.fr\/index.php\/wp-json\/wp\/v2\/media?parent=255"}],"curies":[{"name":"wp","href":"https:\/\/api.w.org\/{rel}","templated":true}]}}